{"id":747,"date":"2022-04-30T15:33:00","date_gmt":"2022-04-30T13:33:00","guid":{"rendered":"http:\/\/kolpingbuehne-wattens.at\/?page_id=747"},"modified":"2023-11-06T23:54:46","modified_gmt":"2023-11-06T22:54:46","slug":"hotel-im-angebot","status":"publish","type":"page","link":"https:\/\/kolpingbuehne-wattens.at\/en\/hotel-im-angebot\/","title":{"rendered":"Hotel im Angebot"},"content":{"rendered":"<div data-elementor-type=\"wp-page\" data-elementor-id=\"747\" class=\"elementor elementor-747\">\n\t\t\t\t\t\t<section class=\"elementor-section elementor-top-section elementor-element elementor-element-7ea19d53 elementor-section-boxed elementor-section-height-default elementor-section-height-default\" data-id=\"7ea19d53\" data-element_type=\"section\" data-e-type=\"section\">\n\t\t\t\t\t\t<div class=\"elementor-container elementor-column-gap-default\">\n\t\t\t\t\t<div class=\"elementor-column elementor-col-100 elementor-top-column elementor-element elementor-element-7ccb2724\" data-id=\"7ccb2724\" data-element_type=\"column\" data-e-type=\"column\">\n\t\t\t<div class=\"elementor-widget-wrap elementor-element-populated\">\n\t\t\t\t\t\t<div class=\"elementor-element elementor-element-1266198a elementor-widget elementor-widget-heading\" data-id=\"1266198a\" data-element_type=\"widget\" data-e-type=\"widget\" data-widget_type=\"heading.default\">\n\t\t\t\t<div class=\"elementor-widget-container\">\n\t\t\t\t\t<h3 class=\"elementor-heading-title elementor-size-medium\">Inhalt<\/h3>\t\t\t\t<\/div>\n\t\t\t\t<\/div>\n\t\t\t\t<div class=\"elementor-element elementor-element-41cb81cc elementor-widget elementor-widget-text-editor\" data-id=\"41cb81cc\" data-element_type=\"widget\" data-e-type=\"widget\" data-widget_type=\"text-editor.default\">\n\t\t\t\t<div class=\"elementor-widget-container\">\n\t\t\t\t\t\t\t\t\t<p>Das Hotel Alpenland in Wattens steht zum Verkauf.<\/p><p>Trotz aller Bem\u00fchungen k\u00f6nnen Rosi und Johann Gander das 12 Zimmerhaus nicht gewinnbringend f\u00fchren. <br \/>Da die Grunst\u00fcckpreise gestiegen sind k\u00f6nnte der Verkauf aus Ihrer misslichen Lage f\u00fchren.<\/p><p>Und es gibt auch einen Interessenten &#8211; der Kitzb\u00fchler Immobilienhai Markus &#8222;Maggi&#8220; Hacksteiner kommt \u00fcberraschend und nimmt das Hotel unter die Lupe.<br \/>Mit List spielt man dem Immobilienhai ein gut gebuchtes Haus vor &#8211; das Gesch\u00e4ft scheint auf Schiene bis ein zweiter Interessent auftaucht. <br \/>Und als dann noch Hilde Wild &#8211; welche f\u00fcr ihre eindeutigen M\u00e4nnerbeziehungen bekannt ist &#8211; anreist, scheint das Chaos perfekt.<\/p><p>Eine kurzweilige Farce von Michael Parker, welche in die Tiroler Bergwelt \u00fcbertragen wurde.<\/p>\t\t\t\t\t\t\t\t<\/div>\n\t\t\t\t<\/div>\n\t\t\t\t<div class=\"elementor-element elementor-element-0f20eb9 elementor-widget elementor-widget-heading\" data-id=\"0f20eb9\" data-element_type=\"widget\" data-e-type=\"widget\" data-widget_type=\"heading.default\">\n\t\t\t\t<div class=\"elementor-widget-container\">\n\t\t\t\t\t<h2 class=\"elementor-heading-title elementor-size-medium\">Mitwirkende<\/h2>\t\t\t\t<\/div>\n\t\t\t\t<\/div>\n\t\t\t\t<section class=\"elementor-section elementor-inner-section elementor-element elementor-element-fe34564 elementor-section-boxed elementor-section-height-default elementor-section-height-default\" data-id=\"fe34564\" data-element_type=\"section\" data-e-type=\"section\">\n\t\t\t\t\t\t<div class=\"elementor-container elementor-column-gap-default\">\n\t\t\t\t\t<div class=\"elementor-column elementor-col-50 elementor-inner-column elementor-element elementor-element-76b5bff\" data-id=\"76b5bff\" data-element_type=\"column\" data-e-type=\"column\">\n\t\t\t<div class=\"elementor-widget-wrap elementor-element-populated\">\n\t\t\t\t\t\t<div class=\"elementor-element elementor-element-816df99 elementor-widget elementor-widget-text-editor\" data-id=\"816df99\" data-element_type=\"widget\" data-e-type=\"widget\" data-widget_type=\"text-editor.default\">\n\t\t\t\t<div class=\"elementor-widget-container\">\n\t\t\t\t\t\t\t\t\t<p>Ander<br \/>Johann Gander<br \/>Rosi Gander<br \/>Jaqueline<br \/>Major von Rohdich<br \/>Lissi<br \/>Maggi Hacksteiner<br \/>Abdul el Hadsch<br \/>Hilde Wild<br \/>Doris<\/p><p>Regie<br \/>Ton &amp; Beleuchtung<br \/>Maske<br \/>Souffleuse<br \/>B\u00fchnenbau<br \/>Videoaufzeichnung<\/p>\t\t\t\t\t\t\t\t<\/div>\n\t\t\t\t<\/div>\n\t\t\t\t\t<\/div>\n\t\t<\/div>\n\t\t\t\t<div class=\"elementor-column elementor-col-50 elementor-inner-column elementor-element elementor-element-adbee61\" data-id=\"adbee61\" data-element_type=\"column\" data-e-type=\"column\">\n\t\t\t<div class=\"elementor-widget-wrap elementor-element-populated\">\n\t\t\t\t\t\t<div class=\"elementor-element elementor-element-f6912ca elementor-widget elementor-widget-text-editor\" data-id=\"f6912ca\" data-element_type=\"widget\" data-e-type=\"widget\" data-widget_type=\"text-editor.default\">\n\t\t\t\t<div class=\"elementor-widget-container\">\n\t\t\t\t\t\t\t\t\t<p>Clemens Unteregger<br \/>Pascal Mautner<br \/>Kristin Planckh<br \/>Elena Beirer<br \/>Robert Egger<br \/>Sabine Aigner<br \/>Christoph Eder<br \/>Robert Egger<br \/>Helene Mautner<br \/>Viktoria Knapp<\/p><p>Wolfgang Scheiber<br \/>Markus Stocker<br \/>Viktoria Knapp<br \/>Angelika Beirer<br \/>Wolfi mit Team<br \/>Klaus Potocnik<\/p>\t\t\t\t\t\t\t\t<\/div>\n\t\t\t\t<\/div>\n\t\t\t\t\t<\/div>\n\t\t<\/div>\n\t\t\t\t\t<\/div>\n\t\t<\/section>\n\t\t\t\t<div class=\"elementor-element elementor-element-121f91f elementor-widget elementor-widget-heading\" data-id=\"121f91f\" data-element_type=\"widget\" data-e-type=\"widget\" data-widget_type=\"heading.default\">\n\t\t\t\t<div class=\"elementor-widget-container\">\n\t\t\t\t\t<h2 class=\"elementor-heading-title elementor-size-medium\">Einblicke<\/h2>\t\t\t\t<\/div>\n\t\t\t\t<\/div>\n\t\t\t\t<div class=\"elementor-element elementor-element-f9d32bd elementor-arrows-position-inside elementor-pagination-position-outside elementor-widget elementor-widget-image-carousel\" data-id=\"f9d32bd\" data-element_type=\"widget\" data-e-type=\"widget\" data-settings=\"{&quot;navigation&quot;:&quot;both&quot;,&quot;autoplay&quot;:&quot;yes&quot;,&quot;pause_on_hover&quot;:&quot;yes&quot;,&quot;pause_on_interaction&quot;:&quot;yes&quot;,&quot;autoplay_speed&quot;:5000,&quot;infinite&quot;:&quot;yes&quot;,&quot;speed&quot;:500}\" data-widget_type=\"image-carousel.default\">\n\t\t\t\t<div class=\"elementor-widget-container\">\n\t\t\t\t\t\t\t<div class=\"elementor-image-carousel-wrapper swiper\" role=\"region\" aria-roledescription=\"carousel\" aria-label=\"Image Carousel\" dir=\"ltr\">\n\t\t\t<div class=\"elementor-image-carousel swiper-wrapper\" aria-live=\"off\">\n\t\t\t\t\t\t\t\t<div class=\"swiper-slide\" role=\"group\" aria-roledescription=\"slide\" aria-label=\"1 of 3\" data-no-translation-aria-label=\"\"><figure class=\"swiper-slide-inner\"><img decoding=\"async\" class=\"swiper-slide-image\" src=\"https:\/\/kolpingbuehne-wattens.at\/wp-content\/uploads\/elementor\/thumbs\/IMG_0420-qezecjv1a50ud0ooo1f5aqadqs3tayjn1qonqnlou8.jpg\" alt=\"IMG_0420\" \/><\/figure><\/div><div class=\"swiper-slide\" role=\"group\" aria-roledescription=\"slide\" aria-label=\"2 of 3\" data-no-translation-aria-label=\"\"><figure class=\"swiper-slide-inner\"><img decoding=\"async\" class=\"swiper-slide-image\" src=\"https:\/\/kolpingbuehne-wattens.at\/wp-content\/uploads\/elementor\/thumbs\/IMG_0423-qezecv53k5ga8c8au6ao4nfwvek7vbsf3aihhz4yrk.jpg\" alt=\"IMG_0423\" \/><\/figure><\/div><div class=\"swiper-slide\" role=\"group\" aria-roledescription=\"slide\" aria-label=\"3 of 3\" data-no-translation-aria-label=\"\"><figure class=\"swiper-slide-inner\"><img decoding=\"async\" class=\"swiper-slide-image\" src=\"https:\/\/kolpingbuehne-wattens.at\/wp-content\/uploads\/elementor\/thumbs\/IMG_0425-qezed6f5u5vq3nrx0b66yklg010mfp174ucb9ao8ow.jpg\" alt=\"IMG_0425\" \/><\/figure><\/div>\t\t\t<\/div>\n\t\t\t\t\t\t\t\t\t\t\t\t<div class=\"elementor-swiper-button elementor-swiper-button-prev\" role=\"button\" tabindex=\"0\">\n\t\t\t\t\t\t<i aria-hidden=\"true\" class=\"eicon-chevron-left\"><\/i>\t\t\t\t\t<\/div>\n\t\t\t\t\t<div class=\"elementor-swiper-button elementor-swiper-button-next\" role=\"button\" tabindex=\"0\">\n\t\t\t\t\t\t<i aria-hidden=\"true\" class=\"eicon-chevron-right\"><\/i>\t\t\t\t\t<\/div>\n\t\t\t\t\n\t\t\t\t\t\t\t\t\t<div class=\"swiper-pagination\"><\/div>\n\t\t\t\t\t\t\t\t\t<\/div>\n\t\t\t\t\t\t<\/div>\n\t\t\t\t<\/div>\n\t\t\t\t\t<\/div>\n\t\t<\/div>\n\t\t\t\t\t<\/div>\n\t\t<\/section>\n\t\t\t\t<\/div>","protected":false},"excerpt":{"rendered":"<p>Inhalt Das Hotel Alpenland in Wattens steht zum Verkauf. Trotz aller Bem\u00fchungen k\u00f6nnen Rosi und Johann Gander das 12 Zimmerhaus nicht gewinnbringend f\u00fchren. Da die Grunst\u00fcckpreise gestiegen sind k\u00f6nnte der Verkauf aus Ihrer misslichen Lage f\u00fchren. Und es gibt auch einen Interessenten &#8211; der Kitzb\u00fchler Immobilienhai Markus &#8222;Maggi&#8220; Hacksteiner kommt \u00fcberraschend und nimmt das Hotel&hellip;&nbsp;<a href=\"https:\/\/kolpingbuehne-wattens.at\/en\/hotel-im-angebot\/\" class=\"\" rel=\"bookmark\">Read More &raquo;<span class=\"screen-reader-text\">Hotel im Angebot<\/span><\/a><\/p>","protected":false},"author":2,"featured_media":0,"parent":0,"menu_order":0,"comment_status":"closed","ping_status":"closed","template":"","meta":{"neve_meta_sidebar":"","neve_meta_container":"","neve_meta_enable_content_width":"","neve_meta_content_width":0,"neve_meta_title_alignment":"","neve_meta_author_avatar":"","neve_post_elements_order":"","neve_meta_disable_header":"","neve_meta_disable_footer":"","neve_meta_disable_title":"","footnotes":""},"class_list":["post-747","page","type-page","status-publish","hentry"],"jetpack_sharing_enabled":true,"_links":{"self":[{"href":"https:\/\/kolpingbuehne-wattens.at\/en\/wp-json\/wp\/v2\/pages\/747","targetHints":{"allow":["GET"]}}],"collection":[{"href":"https:\/\/kolpingbuehne-wattens.at\/en\/wp-json\/wp\/v2\/pages"}],"about":[{"href":"https:\/\/kolpingbuehne-wattens.at\/en\/wp-json\/wp\/v2\/types\/page"}],"author":[{"embeddable":true,"href":"https:\/\/kolpingbuehne-wattens.at\/en\/wp-json\/wp\/v2\/users\/2"}],"replies":[{"embeddable":true,"href":"https:\/\/kolpingbuehne-wattens.at\/en\/wp-json\/wp\/v2\/comments?post=747"}],"version-history":[{"count":13,"href":"https:\/\/kolpingbuehne-wattens.at\/en\/wp-json\/wp\/v2\/pages\/747\/revisions"}],"predecessor-version":[{"id":3502,"href":"https:\/\/kolpingbuehne-wattens.at\/en\/wp-json\/wp\/v2\/pages\/747\/revisions\/3502"}],"wp:attachment":[{"href":"https:\/\/kolpingbuehne-wattens.at\/en\/wp-json\/wp\/v2\/media?parent=747"}],"curies":[{"name":"wp","href":"https:\/\/api.w.org\/{rel}","templated":true}]}}

<div data-elementor-type="wp-page" data-elementor-id="747" class="elementor elementor-747">
						<section class="elementor-section elementor-top-section elementor-element elementor-element-7ea19d53 elementor-section-boxed elementor-section-height-default elementor-section-height-default" data-id="7ea19d53" data-element_type="section" data-e-type="section">
						<div class="elementor-container elementor-column-gap-default">
					<div class="elementor-column elementor-col-100 elementor-top-column elementor-element elementor-element-7ccb2724" data-id="7ccb2724" data-element_type="column" data-e-type="column">
			<div class="elementor-widget-wrap elementor-element-populated">
						<div class="elementor-element elementor-element-1266198a elementor-widget elementor-widget-heading" data-id="1266198a" data-element_type="widget" data-e-type="widget" data-widget_type="heading.default">
				<div class="elementor-widget-container">
					<h3 class="elementor-heading-title elementor-size-medium">Inhalt</h3>				</div>
				</div>
				<div class="elementor-element elementor-element-41cb81cc elementor-widget elementor-widget-text-editor" data-id="41cb81cc" data-element_type="widget" data-e-type="widget" data-widget_type="text-editor.default">
				<div class="elementor-widget-container">
									<p>Das Hotel Alpenland in Wattens steht zum Verkauf.</p><p>Trotz aller Bemühungen können Rosi und Johann Gander das 12 Zimmerhaus nicht gewinnbringend führen. <br />Da die Grunstückpreise gestiegen sind könnte der Verkauf aus Ihrer misslichen Lage führen.</p><p>Und es gibt auch einen Interessenten &#8211; der Kitzbühler Immobilienhai Markus &#8222;Maggi&#8220; Hacksteiner kommt überraschend und nimmt das Hotel unter die Lupe.<br />Mit List spielt man dem Immobilienhai ein gut gebuchtes Haus vor &#8211; das Geschäft scheint auf Schiene bis ein zweiter Interessent auftaucht. <br />Und als dann noch Hilde Wild &#8211; welche für ihre eindeutigen Männerbeziehungen bekannt ist &#8211; anreist, scheint das Chaos perfekt.</p><p>Eine kurzweilige Farce von Michael Parker, welche in die Tiroler Bergwelt übertragen wurde.</p>								</div>
				</div>
				<div class="elementor-element elementor-element-0f20eb9 elementor-widget elementor-widget-heading" data-id="0f20eb9" data-element_type="widget" data-e-type="widget" data-widget_type="heading.default">
				<div class="elementor-widget-container">
					<h2 class="elementor-heading-title elementor-size-medium">Mitwirkende</h2>				</div>
				</div>
				<section class="elementor-section elementor-inner-section elementor-element elementor-element-fe34564 elementor-section-boxed elementor-section-height-default elementor-section-height-default" data-id="fe34564" data-element_type="section" data-e-type="section">
						<div class="elementor-container elementor-column-gap-default">
					<div class="elementor-column elementor-col-50 elementor-inner-column elementor-element elementor-element-76b5bff" data-id="76b5bff" data-element_type="column" data-e-type="column">
			<div class="elementor-widget-wrap elementor-element-populated">
						<div class="elementor-element elementor-element-816df99 elementor-widget elementor-widget-text-editor" data-id="816df99" data-element_type="widget" data-e-type="widget" data-widget_type="text-editor.default">
				<div class="elementor-widget-container">
									<p>Ander<br />Johann Gander<br />Rosi Gander<br />Jaqueline<br />Major von Rohdich<br />Lissi<br />Maggi Hacksteiner<br />Abdul el Hadsch<br />Hilde Wild<br />Doris</p><p>Regie<br />Ton &amp; Beleuchtung<br />Maske<br />Souffleuse<br />Bühnenbau<br />Videoaufzeichnung</p>								</div>
				</div>
					</div>
		</div>
				<div class="elementor-column elementor-col-50 elementor-inner-column elementor-element elementor-element-adbee61" data-id="adbee61" data-element_type="column" data-e-type="column">
			<div class="elementor-widget-wrap elementor-element-populated">
						<div class="elementor-element elementor-element-f6912ca elementor-widget elementor-widget-text-editor" data-id="f6912ca" data-element_type="widget" data-e-type="widget" data-widget_type="text-editor.default">
				<div class="elementor-widget-container">
									<p>Clemens Unteregger<br />Pascal Mautner<br />Kristin Planckh<br />Elena Beirer<br />Robert Egger<br />Sabine Aigner<br />Christoph Eder<br />Robert Egger<br />Helene Mautner<br />Viktoria Knapp</p><p>Wolfgang Scheiber<br />Markus Stocker<br />Viktoria Knapp<br />Angelika Beirer<br />Wolfi mit Team<br />Klaus Potocnik</p>								</div>
				</div>
					</div>
		</div>
					</div>
		</section>
				<div class="elementor-element elementor-element-121f91f elementor-widget elementor-widget-heading" data-id="121f91f" data-element_type="widget" data-e-type="widget" data-widget_type="heading.default">
				<div class="elementor-widget-container">
					<h2 class="elementor-heading-title elementor-size-medium">Einblicke</h2>				</div>
				</div>
				<div class="elementor-element elementor-element-f9d32bd elementor-arrows-position-inside elementor-pagination-position-outside elementor-widget elementor-widget-image-carousel" data-id="f9d32bd" data-element_type="widget" data-e-type="widget" data-settings="{&quot;navigation&quot;:&quot;both&quot;,&quot;autoplay&quot;:&quot;yes&quot;,&quot;pause_on_hover&quot;:&quot;yes&quot;,&quot;pause_on_interaction&quot;:&quot;yes&quot;,&quot;autoplay_speed&quot;:5000,&quot;infinite&quot;:&quot;yes&quot;,&quot;speed&quot;:500}" data-widget_type="image-carousel.default">
				<div class="elementor-widget-container">
							<div class="elementor-image-carousel-wrapper swiper" role="region" aria-roledescription="carousel" aria-label="Image Carousel" dir="ltr">
			<div class="elementor-image-carousel swiper-wrapper" aria-live="off">
								<div class="swiper-slide" role="group" aria-roledescription="slide" aria-label="1 of 3" data-no-translation-aria-label=""><figure class="swiper-slide-inner"><img decoding="async" class="swiper-slide-image" src="https://kolpingbuehne-wattens.at/wp-content/uploads/elementor/thumbs/IMG_0420-qezecjv1a50ud0ooo1f5aqadqs3tayjn1qonqnlou8.jpg" alt="IMG_0420" /></figure></div><div class="swiper-slide" role="group" aria-roledescription="slide" aria-label="2 of 3" data-no-translation-aria-label=""><figure class="swiper-slide-inner"><img decoding="async" class="swiper-slide-image" src="https://kolpingbuehne-wattens.at/wp-content/uploads/elementor/thumbs/IMG_0423-qezecv53k5ga8c8au6ao4nfwvek7vbsf3aihhz4yrk.jpg" alt="IMG_0423" /></figure></div><div class="swiper-slide" role="group" aria-roledescription="slide" aria-label="3 of 3" data-no-translation-aria-label=""><figure class="swiper-slide-inner"><img decoding="async" class="swiper-slide-image" src="https://kolpingbuehne-wattens.at/wp-content/uploads/elementor/thumbs/IMG_0425-qezed6f5u5vq3nrx0b66yklg010mfp174ucb9ao8ow.jpg" alt="IMG_0425" /></figure></div>			</div>
												<div class="elementor-swiper-button elementor-swiper-button-prev" role="button" tabindex="0">
						<i aria-hidden="true" class="eicon-chevron-left"></i>					</div>
					<div class="elementor-swiper-button elementor-swiper-button-next" role="button" tabindex="0">
						<i aria-hidden="true" class="eicon-chevron-right"></i>					</div>
				
									<div class="swiper-pagination"></div>
									</div>
						</div>
				</div>
					</div>
		</div>
					</div>
		</section>
				</div>

<p>Inhalt Das Hotel Alpenland in Wattens steht zum Verkauf. Trotz aller Bemühungen können Rosi und Johann Gander das 12 Zimmerhaus nicht gewinnbringend führen. Da die Grunstückpreise gestiegen sind könnte der Verkauf aus Ihrer misslichen Lage führen. Und es gibt auch einen Interessenten &#8211; der Kitzbühler Immobilienhai Markus &#8222;Maggi&#8220; Hacksteiner kommt überraschend und nimmt das Hotel&hellip;&nbsp;<a href="https://kolpingbuehne-wattens.at/en/hotel-im-angebot/" class="" rel="bookmark">Read More &raquo;<span class="screen-reader-text">Hotel im Angebot</span></a></p>
