{"id":2384,"date":"2023-07-23T23:00:00","date_gmt":"2023-07-23T21:00:00","guid":{"rendered":"https:\/\/kolpingbuehne-wattens.at\/?page_id=2384"},"modified":"2024-01-05T02:32:15","modified_gmt":"2024-01-05T01:32:15","slug":"nicht-wie-bei-armen-leuten","status":"publish","type":"page","link":"https:\/\/kolpingbuehne-wattens.at\/en\/nicht-wie-bei-armen-leuten\/","title":{"rendered":"Nicht wie bei armen Leuten"},"content":{"rendered":"<div data-elementor-type=\"wp-page\" data-elementor-id=\"2384\" class=\"elementor elementor-2384\">\n\t\t\t\t\t\t<section class=\"elementor-section elementor-top-section elementor-element elementor-element-09cde80 elementor-section-boxed elementor-section-height-default elementor-section-height-default\" data-id=\"09cde80\" data-element_type=\"section\" data-e-type=\"section\">\n\t\t\t\t\t\t<div class=\"elementor-container elementor-column-gap-default\">\n\t\t\t\t\t<div class=\"elementor-column elementor-col-100 elementor-top-column elementor-element elementor-element-023f783\" data-id=\"023f783\" data-element_type=\"column\" data-e-type=\"column\">\n\t\t\t<div class=\"elementor-widget-wrap elementor-element-populated\">\n\t\t\t\t\t\t<div class=\"elementor-element elementor-element-05ad575 elementor-widget elementor-widget-text-editor\" data-id=\"05ad575\" data-element_type=\"widget\" data-e-type=\"widget\" data-widget_type=\"text-editor.default\">\n\t\t\t\t<div class=\"elementor-widget-container\">\n\t\t\t\t\t\t\t\t\t<p>Am 28. Dezember 1958, anl\u00e4sslich der Weihnachtsfeier der Kolpingfamilie gab es die erste Vorstellung mit einem Einakter zu 35 Minuten Dauer. Der gew\u00e4hlte Titel des St\u00fcckes klingt fast ironisch mit Blick auf die vergangenen harten Zeiten.<\/p>\t\t\t\t\t\t\t\t<\/div>\n\t\t\t\t<\/div>\n\t\t\t\t<div class=\"elementor-element elementor-element-e5ee58a elementor-widget elementor-widget-heading\" data-id=\"e5ee58a\" data-element_type=\"widget\" data-e-type=\"widget\" data-widget_type=\"heading.default\">\n\t\t\t\t<div class=\"elementor-widget-container\">\n\t\t\t\t\t<h2 class=\"elementor-heading-title elementor-size-medium\">Mitwirkende<\/h2>\t\t\t\t<\/div>\n\t\t\t\t<\/div>\n\t\t\t\t<section class=\"elementor-section elementor-inner-section elementor-element elementor-element-c9fd47d elementor-section-boxed elementor-section-height-default elementor-section-height-default\" data-id=\"c9fd47d\" data-element_type=\"section\" data-e-type=\"section\">\n\t\t\t\t\t\t<div class=\"elementor-container elementor-column-gap-default\">\n\t\t\t\t\t<div class=\"elementor-column elementor-col-50 elementor-inner-column elementor-element elementor-element-015b505\" data-id=\"015b505\" data-element_type=\"column\" data-e-type=\"column\">\n\t\t\t<div class=\"elementor-widget-wrap elementor-element-populated\">\n\t\t\t\t\t\t<div class=\"elementor-element elementor-element-6277e44 elementor-widget elementor-widget-text-editor\" data-id=\"6277e44\" data-element_type=\"widget\" data-e-type=\"widget\" data-widget_type=\"text-editor.default\">\n\t\t\t\t<div class=\"elementor-widget-container\">\n\t\t\t\t\t\t\t\t\t<p>Regie<\/p><p>Schauspieler<\/p>\t\t\t\t\t\t\t\t<\/div>\n\t\t\t\t<\/div>\n\t\t\t\t\t<\/div>\n\t\t<\/div>\n\t\t\t\t<div class=\"elementor-column elementor-col-50 elementor-inner-column elementor-element elementor-element-6ae9049\" data-id=\"6ae9049\" data-element_type=\"column\" data-e-type=\"column\">\n\t\t\t<div class=\"elementor-widget-wrap elementor-element-populated\">\n\t\t\t\t\t\t<div class=\"elementor-element elementor-element-21c6d07 elementor-widget elementor-widget-text-editor\" data-id=\"21c6d07\" data-element_type=\"widget\" data-e-type=\"widget\" data-widget_type=\"text-editor.default\">\n\t\t\t\t<div class=\"elementor-widget-container\">\n\t\t\t\t\t\t\t\t\t<p>St\u00f6ger<\/p>\n<p>Josef Perktold<br>Walter Wirnitzer<br>Adelgunde Hadler<br>Anni Unterberger<\/p>\t\t\t\t\t\t\t\t<\/div>\n\t\t\t\t<\/div>\n\t\t\t\t\t<\/div>\n\t\t<\/div>\n\t\t\t\t\t<\/div>\n\t\t<\/section>\n\t\t\t\t\t<\/div>\n\t\t<\/div>\n\t\t\t\t\t<\/div>\n\t\t<\/section>\n\t\t\t\t<\/div>","protected":false},"excerpt":{"rendered":"<p>Am 28. Dezember 1958, anl\u00e4sslich der Weihnachtsfeier der Kolpingfamilie gab es die erste Vorstellung mit einem Einakter zu 35 Minuten Dauer. Der gew\u00e4hlte Titel des St\u00fcckes klingt fast ironisch mit Blick auf die vergangenen harten Zeiten. Mitwirkende Regie Schauspieler St\u00f6ger Josef PerktoldWalter WirnitzerAdelgunde HadlerAnni Unterberger<\/p>","protected":false},"author":8,"featured_media":0,"parent":0,"menu_order":0,"comment_status":"closed","ping_status":"closed","template":"page-templates\/template-pagebuilder-full-width.php","meta":{"neve_meta_sidebar":"","neve_meta_container":"","neve_meta_enable_content_width":"","neve_meta_content_width":0,"neve_meta_title_alignment":"","neve_meta_author_avatar":"","neve_post_elements_order":"","neve_meta_disable_header":"","neve_meta_disable_footer":"","neve_meta_disable_title":"","footnotes":""},"class_list":["post-2384","page","type-page","status-publish","hentry"],"jetpack_sharing_enabled":true,"_links":{"self":[{"href":"https:\/\/kolpingbuehne-wattens.at\/en\/wp-json\/wp\/v2\/pages\/2384","targetHints":{"allow":["GET"]}}],"collection":[{"href":"https:\/\/kolpingbuehne-wattens.at\/en\/wp-json\/wp\/v2\/pages"}],"about":[{"href":"https:\/\/kolpingbuehne-wattens.at\/en\/wp-json\/wp\/v2\/types\/page"}],"author":[{"embeddable":true,"href":"https:\/\/kolpingbuehne-wattens.at\/en\/wp-json\/wp\/v2\/users\/8"}],"replies":[{"embeddable":true,"href":"https:\/\/kolpingbuehne-wattens.at\/en\/wp-json\/wp\/v2\/comments?post=2384"}],"version-history":[{"count":4,"href":"https:\/\/kolpingbuehne-wattens.at\/en\/wp-json\/wp\/v2\/pages\/2384\/revisions"}],"predecessor-version":[{"id":3819,"href":"https:\/\/kolpingbuehne-wattens.at\/en\/wp-json\/wp\/v2\/pages\/2384\/revisions\/3819"}],"wp:attachment":[{"href":"https:\/\/kolpingbuehne-wattens.at\/en\/wp-json\/wp\/v2\/media?parent=2384"}],"curies":[{"name":"wp","href":"https:\/\/api.w.org\/{rel}","templated":true}]}}

<div data-elementor-type="wp-page" data-elementor-id="2384" class="elementor elementor-2384">
						<section class="elementor-section elementor-top-section elementor-element elementor-element-09cde80 elementor-section-boxed elementor-section-height-default elementor-section-height-default" data-id="09cde80" data-element_type="section" data-e-type="section">
						<div class="elementor-container elementor-column-gap-default">
					<div class="elementor-column elementor-col-100 elementor-top-column elementor-element elementor-element-023f783" data-id="023f783" data-element_type="column" data-e-type="column">
			<div class="elementor-widget-wrap elementor-element-populated">
						<div class="elementor-element elementor-element-05ad575 elementor-widget elementor-widget-text-editor" data-id="05ad575" data-element_type="widget" data-e-type="widget" data-widget_type="text-editor.default">
				<div class="elementor-widget-container">
									<p>Am 28. Dezember 1958, anlässlich der Weihnachtsfeier der Kolpingfamilie gab es die erste Vorstellung mit einem Einakter zu 35 Minuten Dauer. Der gewählte Titel des Stückes klingt fast ironisch mit Blick auf die vergangenen harten Zeiten.</p>								</div>
				</div>
				<div class="elementor-element elementor-element-e5ee58a elementor-widget elementor-widget-heading" data-id="e5ee58a" data-element_type="widget" data-e-type="widget" data-widget_type="heading.default">
				<div class="elementor-widget-container">
					<h2 class="elementor-heading-title elementor-size-medium">Mitwirkende</h2>				</div>
				</div>
				<section class="elementor-section elementor-inner-section elementor-element elementor-element-c9fd47d elementor-section-boxed elementor-section-height-default elementor-section-height-default" data-id="c9fd47d" data-element_type="section" data-e-type="section">
						<div class="elementor-container elementor-column-gap-default">
					<div class="elementor-column elementor-col-50 elementor-inner-column elementor-element elementor-element-015b505" data-id="015b505" data-element_type="column" data-e-type="column">
			<div class="elementor-widget-wrap elementor-element-populated">
						<div class="elementor-element elementor-element-6277e44 elementor-widget elementor-widget-text-editor" data-id="6277e44" data-element_type="widget" data-e-type="widget" data-widget_type="text-editor.default">
				<div class="elementor-widget-container">
									<p>Regie</p><p>Schauspieler</p>								</div>
				</div>
					</div>
		</div>
				<div class="elementor-column elementor-col-50 elementor-inner-column elementor-element elementor-element-6ae9049" data-id="6ae9049" data-element_type="column" data-e-type="column">
			<div class="elementor-widget-wrap elementor-element-populated">
						<div class="elementor-element elementor-element-21c6d07 elementor-widget elementor-widget-text-editor" data-id="21c6d07" data-element_type="widget" data-e-type="widget" data-widget_type="text-editor.default">
				<div class="elementor-widget-container">
									<p>Stöger</p>
<p>Josef Perktold<br>Walter Wirnitzer<br>Adelgunde Hadler<br>Anni Unterberger</p>								</div>
				</div>
					</div>
		</div>
					</div>
		</section>
					</div>
		</div>
					</div>
		</section>
				</div>

<p>Am 28. Dezember 1958, anlässlich der Weihnachtsfeier der Kolpingfamilie gab es die erste Vorstellung mit einem Einakter zu 35 Minuten Dauer. Der gewählte Titel des Stückes klingt fast ironisch mit Blick auf die vergangenen harten Zeiten. Mitwirkende Regie Schauspieler Stöger Josef PerktoldWalter WirnitzerAdelgunde HadlerAnni Unterberger</p>
