{"id":1619,"date":"2022-11-15T12:48:30","date_gmt":"2022-11-15T11:48:30","guid":{"rendered":"https:\/\/kolpingbuehne-wattens.at\/?page_id=1619"},"modified":"2024-01-01T21:41:41","modified_gmt":"2024-01-01T20:41:41","slug":"ein-weihnachtstraum","status":"publish","type":"page","link":"https:\/\/kolpingbuehne-wattens.at\/en\/ein-weihnachtstraum\/","title":{"rendered":"Ein Weihnachtstraum"},"content":{"rendered":"<div data-elementor-type=\"wp-page\" data-elementor-id=\"1619\" class=\"elementor elementor-1619\">\n\t\t\t\t\t\t<section class=\"elementor-section elementor-top-section elementor-element elementor-element-2f6e2d14 elementor-section-boxed elementor-section-height-default elementor-section-height-default\" data-id=\"2f6e2d14\" data-element_type=\"section\" data-e-type=\"section\">\n\t\t\t\t\t\t<div class=\"elementor-container elementor-column-gap-default\">\n\t\t\t\t\t<div class=\"elementor-column elementor-col-100 elementor-top-column elementor-element elementor-element-56b1b181\" data-id=\"56b1b181\" data-element_type=\"column\" data-e-type=\"column\">\n\t\t\t<div class=\"elementor-widget-wrap elementor-element-populated\">\n\t\t\t\t\t\t<div class=\"elementor-element elementor-element-93046d2 elementor-widget elementor-widget-heading\" data-id=\"93046d2\" data-element_type=\"widget\" data-e-type=\"widget\" data-widget_type=\"heading.default\">\n\t\t\t\t<div class=\"elementor-widget-container\">\n\t\t\t\t\t<h2 class=\"elementor-heading-title elementor-size-medium\">Inhalt<\/h2>\t\t\t\t<\/div>\n\t\t\t\t<\/div>\n\t\t\t\t<div class=\"elementor-element elementor-element-0f369d4 elementor-widget elementor-widget-text-editor\" data-id=\"0f369d4\" data-element_type=\"widget\" data-e-type=\"widget\" data-widget_type=\"text-editor.default\">\n\t\t\t\t<div class=\"elementor-widget-container\">\n\t\t\t\t\t\t\t\t\t<p>Es ist heiliger Abend. \u00dcberall werden die letzten Geschenke verpackt, der Baum sch\u00f6n aufgeputzt und man bem\u00fcht sich, eine m\u00f6glichst heimelige und festliche Atmosph\u00e4re zu schaffen. Von all dem sieht und sp\u00fcrt man nichts auf dem Silberhof. F\u00fcr Andreas, den hartherzigen verbitterten Bauern, ist es ein Tag wie jeder andere. F\u00fcr die Dienstboten ist es schwer zu verstehen, dass auf dem Hof dieses Fest nicht gefeiert wird. Als der B\u00fcrgermeister den Silberbauern bittet, \u00fcber die Feiertage ein Waisenkind aufzunehmen, wird er schroff zur\u00fcckgewiesen. Auch dem Kr\u00e4mer und dem Schneider ergeht es nicht anders, als sie den Bauern um eine kleine Gef\u00e4lligkeit bitten. Am h\u00e4rtesten trifft es den Knecht und die Jungmagd, die wegen einer Kleinigkeit sofort die K\u00fcndigung erhalten. W\u00e4hrend des Mittagsschlafes hat der Silberbauer einen sonderbaren Traum.<\/p>\t\t\t\t\t\t\t\t<\/div>\n\t\t\t\t<\/div>\n\t\t\t\t<div class=\"elementor-element elementor-element-ff1a933 elementor-widget elementor-widget-heading\" data-id=\"ff1a933\" data-element_type=\"widget\" data-e-type=\"widget\" data-widget_type=\"heading.default\">\n\t\t\t\t<div class=\"elementor-widget-container\">\n\t\t\t\t\t<h2 class=\"elementor-heading-title elementor-size-medium\">Mitwirkende<\/h2>\t\t\t\t<\/div>\n\t\t\t\t<\/div>\n\t\t\t\t<section class=\"elementor-section elementor-inner-section elementor-element elementor-element-24fad75 elementor-section-boxed elementor-section-height-default elementor-section-height-default\" data-id=\"24fad75\" data-element_type=\"section\" data-e-type=\"section\">\n\t\t\t\t\t\t<div class=\"elementor-container elementor-column-gap-default\">\n\t\t\t\t\t<div class=\"elementor-column elementor-col-50 elementor-inner-column elementor-element elementor-element-ee6c578\" data-id=\"ee6c578\" data-element_type=\"column\" data-e-type=\"column\">\n\t\t\t<div class=\"elementor-widget-wrap elementor-element-populated\">\n\t\t\t\t\t\t<div class=\"elementor-element elementor-element-f4af89a elementor-widget elementor-widget-text-editor\" data-id=\"f4af89a\" data-element_type=\"widget\" data-e-type=\"widget\" data-widget_type=\"text-editor.default\">\n\t\t\t\t<div class=\"elementor-widget-container\">\n\t\t\t\t\t\t\t\t\t<p>Andreas Lehner, Silberbauer<br \/>B\u00fcrgermeister<br \/>Schneider<br \/>Kr\u00e4mer<br \/>Brieftr\u00e4ger<br \/>Franzl<br \/>Kathrin, Wirtschafterin<br \/>Zenzi, Magd<br \/>Evi, Jungmagd<br \/>Martin, Knecht<br \/>Waldbacher<br \/><br \/><br \/><br \/><\/p><p>Regie<br \/>Beleuchtung und Ton<br \/>B\u00fchnentechnik<br \/>Masken<br \/>Souffleuse<\/p>\t\t\t\t\t\t\t\t<\/div>\n\t\t\t\t<\/div>\n\t\t\t\t\t<\/div>\n\t\t<\/div>\n\t\t\t\t<div class=\"elementor-column elementor-col-50 elementor-inner-column elementor-element elementor-element-50ddf25\" data-id=\"50ddf25\" data-element_type=\"column\" data-e-type=\"column\">\n\t\t\t<div class=\"elementor-widget-wrap elementor-element-populated\">\n\t\t\t\t\t\t<div class=\"elementor-element elementor-element-40e3fb0 elementor-widget elementor-widget-text-editor\" data-id=\"40e3fb0\" data-element_type=\"widget\" data-e-type=\"widget\" data-widget_type=\"text-editor.default\">\n\t\t\t\t<div class=\"elementor-widget-container\">\n\t\t\t\t\t\t\t\t\t<p>Georg Aichner<br>Robert Egger<br>Wolfgang Scheiber<br>Franz Perktold<br>Sepp Wechselberger<br>Reinhard Egger<br>Christl Kometer<br>Margreth Schwaninger<br>Margot Krenn<br>Thomas Perktold<br>Maria Heinrich<br>Peter Marth<br>Manfred Wechselberger<br>Gottfried Mair<br><\/p><p>Robert Egger<br>Franz Erler<br>Herbert Perktold<br>Viktoria Scheiber<br>Andrea Egger<\/p>\t\t\t\t\t\t\t\t<\/div>\n\t\t\t\t<\/div>\n\t\t\t\t\t<\/div>\n\t\t<\/div>\n\t\t\t\t\t<\/div>\n\t\t<\/section>\n\t\t\t\t<div class=\"elementor-element elementor-element-b845138 elementor-widget elementor-widget-heading\" data-id=\"b845138\" data-element_type=\"widget\" data-e-type=\"widget\" data-widget_type=\"heading.default\">\n\t\t\t\t<div class=\"elementor-widget-container\">\n\t\t\t\t\t<h2 class=\"elementor-heading-title elementor-size-medium\">Einblicke<\/h2>\t\t\t\t<\/div>\n\t\t\t\t<\/div>\n\t\t\t\t<div class=\"elementor-element elementor-element-76ecbf65 elementor-arrows-position-inside elementor-pagination-position-outside elementor-widget elementor-widget-image-carousel\" data-id=\"76ecbf65\" data-element_type=\"widget\" data-e-type=\"widget\" data-settings=\"{&quot;navigation&quot;:&quot;both&quot;,&quot;autoplay&quot;:&quot;yes&quot;,&quot;pause_on_hover&quot;:&quot;yes&quot;,&quot;pause_on_interaction&quot;:&quot;yes&quot;,&quot;autoplay_speed&quot;:5000,&quot;infinite&quot;:&quot;yes&quot;,&quot;speed&quot;:500}\" data-widget_type=\"image-carousel.default\">\n\t\t\t\t<div class=\"elementor-widget-container\">\n\t\t\t\t\t\t\t<div class=\"elementor-image-carousel-wrapper swiper\" role=\"region\" aria-roledescription=\"carousel\" aria-label=\"Image Carousel\" dir=\"ltr\">\n\t\t\t<div class=\"elementor-image-carousel swiper-wrapper\" aria-live=\"off\">\n\t\t\t\t\t\t\t\t<div class=\"swiper-slide\" role=\"group\" aria-roledescription=\"slide\" aria-label=\"1 of 4\"><a data-elementor-open-lightbox=\"yes\" data-elementor-lightbox-slideshow=\"76ecbf65\" data-elementor-lightbox-title=\"weihnachtstraum\" data-e-action-hash=\"#elementor-action%3Aaction%3Dlightbox%26settings%3DeyJpZCI6MTYyMSwidXJsIjoiaHR0cHM6XC9cL2tvbHBpbmdidWVobmUtd2F0dGVucy5hdFwvd3AtY29udGVudFwvdXBsb2Fkc1wvMjAyMlwvMTFcL3dlaWhuYWNodHN0cmF1bS5qcGciLCJzbGlkZXNob3ciOiI3NmVjYmY2NSJ9\" href=\"https:\/\/kolpingbuehne-wattens.at\/wp-content\/uploads\/2022\/11\/weihnachtstraum.jpg\"><figure class=\"swiper-slide-inner\"><img decoding=\"async\" class=\"swiper-slide-image\" src=\"https:\/\/kolpingbuehne-wattens.at\/wp-content\/uploads\/elementor\/thumbs\/weihnachtstraum-pxqx0slfkchuodj0inezymy493x7zlz8ak3kykk1m4.jpg\" alt=\"weihnachtstraum\" \/><\/figure><\/a><\/div><div class=\"swiper-slide\" role=\"group\" aria-roledescription=\"slide\" aria-label=\"2 of 4\"><a data-elementor-open-lightbox=\"yes\" data-elementor-lightbox-slideshow=\"76ecbf65\" data-elementor-lightbox-title=\"weihnachtstraum1\" data-e-action-hash=\"#elementor-action%3Aaction%3Dlightbox%26settings%3DeyJpZCI6MTYyMiwidXJsIjoiaHR0cHM6XC9cL2tvbHBpbmdidWVobmUtd2F0dGVucy5hdFwvd3AtY29udGVudFwvdXBsb2Fkc1wvMjAyMlwvMTFcL3dlaWhuYWNodHN0cmF1bTEuanBnIiwic2xpZGVzaG93IjoiNzZlY2JmNjUifQ%3D%3D\" href=\"https:\/\/kolpingbuehne-wattens.at\/wp-content\/uploads\/2022\/11\/weihnachtstraum1.jpg\"><figure class=\"swiper-slide-inner\"><img decoding=\"async\" class=\"swiper-slide-image\" src=\"https:\/\/kolpingbuehne-wattens.at\/wp-content\/uploads\/elementor\/thumbs\/weihnachtstraum1-pxqx104530s59983aqo0il1t06w5p6t2zlbgss8w8c.jpg\" alt=\"weihnachtstraum1\" \/><\/figure><\/a><\/div><div class=\"swiper-slide\" role=\"group\" aria-roledescription=\"slide\" aria-label=\"3 of 4\"><a data-elementor-open-lightbox=\"yes\" data-elementor-lightbox-slideshow=\"76ecbf65\" data-elementor-lightbox-title=\"weihnachtstraum2\" data-e-action-hash=\"#elementor-action%3Aaction%3Dlightbox%26settings%3DeyJpZCI6MTYyMywidXJsIjoiaHR0cHM6XC9cL2tvbHBpbmdidWVobmUtd2F0dGVucy5hdFwvd3AtY29udGVudFwvdXBsb2Fkc1wvMjAyMlwvMTFcL3dlaWhuYWNodHN0cmF1bTIuanBnIiwic2xpZGVzaG93IjoiNzZlY2JmNjUifQ%3D%3D\" href=\"https:\/\/kolpingbuehne-wattens.at\/wp-content\/uploads\/2022\/11\/weihnachtstraum2.jpg\"><figure class=\"swiper-slide-inner\"><img decoding=\"async\" class=\"swiper-slide-image\" src=\"https:\/\/kolpingbuehne-wattens.at\/wp-content\/uploads\/elementor\/thumbs\/weihnachtstraum2-pxqx17mulp2fu4x62tx12j5hr9v3ermxomjcmzxquk.jpg\" alt=\"weihnachtstraum2\" \/><\/figure><\/a><\/div><div class=\"swiper-slide\" role=\"group\" aria-roledescription=\"slide\" aria-label=\"4 of 4\"><a data-elementor-open-lightbox=\"yes\" data-elementor-lightbox-slideshow=\"76ecbf65\" data-elementor-lightbox-title=\"weihnachtstraum3\" data-e-action-hash=\"#elementor-action%3Aaction%3Dlightbox%26settings%3DeyJpZCI6MTYyNCwidXJsIjoiaHR0cHM6XC9cL2tvbHBpbmdidWVobmUtd2F0dGVucy5hdFwvd3AtY29udGVudFwvdXBsb2Fkc1wvMjAyMlwvMTFcL3dlaWhuYWNodHN0cmF1bTMuanBnIiwic2xpZGVzaG93IjoiNzZlY2JmNjUifQ%3D%3D\" href=\"https:\/\/kolpingbuehne-wattens.at\/wp-content\/uploads\/2022\/11\/weihnachtstraum3.jpg\"><figure class=\"swiper-slide-inner\"><img decoding=\"async\" class=\"swiper-slide-image\" src=\"https:\/\/kolpingbuehne-wattens.at\/wp-content\/uploads\/elementor\/thumbs\/weihnachtstraum3-pxqx1e7pxjbg3enm0erf1zhpwyynwnd21j3qzxnzn0.jpg\" alt=\"weihnachtstraum3\" \/><\/figure><\/a><\/div>\t\t\t<\/div>\n\t\t\t\t\t\t\t\t\t\t\t\t<div class=\"elementor-swiper-button elementor-swiper-button-prev\" role=\"button\" tabindex=\"0\">\n\t\t\t\t\t\t<i aria-hidden=\"true\" class=\"eicon-chevron-left\"><\/i>\t\t\t\t\t<\/div>\n\t\t\t\t\t<div class=\"elementor-swiper-button elementor-swiper-button-next\" role=\"button\" tabindex=\"0\">\n\t\t\t\t\t\t<i aria-hidden=\"true\" class=\"eicon-chevron-right\"><\/i>\t\t\t\t\t<\/div>\n\t\t\t\t\n\t\t\t\t\t\t\t\t\t<div class=\"swiper-pagination\"><\/div>\n\t\t\t\t\t\t\t\t\t<\/div>\n\t\t\t\t\t\t<\/div>\n\t\t\t\t<\/div>\n\t\t\t\t\t<\/div>\n\t\t<\/div>\n\t\t\t\t\t<\/div>\n\t\t<\/section>\n\t\t\t\t<\/div>","protected":false},"excerpt":{"rendered":"<p>Inhalt Es ist heiliger Abend. \u00dcberall werden die letzten Geschenke verpackt, der Baum sch\u00f6n aufgeputzt und man bem\u00fcht sich, eine m\u00f6glichst heimelige und festliche Atmosph\u00e4re zu schaffen. Von all dem sieht und sp\u00fcrt man nichts auf dem Silberhof. F\u00fcr Andreas, den hartherzigen verbitterten Bauern, ist es ein Tag wie jeder andere. F\u00fcr die Dienstboten ist&hellip;&nbsp;<a href=\"https:\/\/kolpingbuehne-wattens.at\/en\/ein-weihnachtstraum\/\" class=\"\" rel=\"bookmark\">Read More &raquo;<span class=\"screen-reader-text\">Ein Weihnachtstraum<\/span><\/a><\/p>","protected":false},"author":2,"featured_media":0,"parent":0,"menu_order":0,"comment_status":"closed","ping_status":"closed","template":"","meta":{"neve_meta_sidebar":"","neve_meta_container":"","neve_meta_enable_content_width":"","neve_meta_content_width":0,"neve_meta_title_alignment":"","neve_meta_author_avatar":"","neve_post_elements_order":"","neve_meta_disable_header":"","neve_meta_disable_footer":"","neve_meta_disable_title":"","footnotes":""},"class_list":["post-1619","page","type-page","status-publish","hentry"],"jetpack_sharing_enabled":true,"_links":{"self":[{"href":"https:\/\/kolpingbuehne-wattens.at\/en\/wp-json\/wp\/v2\/pages\/1619","targetHints":{"allow":["GET"]}}],"collection":[{"href":"https:\/\/kolpingbuehne-wattens.at\/en\/wp-json\/wp\/v2\/pages"}],"about":[{"href":"https:\/\/kolpingbuehne-wattens.at\/en\/wp-json\/wp\/v2\/types\/page"}],"author":[{"embeddable":true,"href":"https:\/\/kolpingbuehne-wattens.at\/en\/wp-json\/wp\/v2\/users\/2"}],"replies":[{"embeddable":true,"href":"https:\/\/kolpingbuehne-wattens.at\/en\/wp-json\/wp\/v2\/comments?post=1619"}],"version-history":[{"count":7,"href":"https:\/\/kolpingbuehne-wattens.at\/en\/wp-json\/wp\/v2\/pages\/1619\/revisions"}],"predecessor-version":[{"id":3769,"href":"https:\/\/kolpingbuehne-wattens.at\/en\/wp-json\/wp\/v2\/pages\/1619\/revisions\/3769"}],"wp:attachment":[{"href":"https:\/\/kolpingbuehne-wattens.at\/en\/wp-json\/wp\/v2\/media?parent=1619"}],"curies":[{"name":"wp","href":"https:\/\/api.w.org\/{rel}","templated":true}]}}

<div data-elementor-type="wp-page" data-elementor-id="1619" class="elementor elementor-1619">
						<section class="elementor-section elementor-top-section elementor-element elementor-element-2f6e2d14 elementor-section-boxed elementor-section-height-default elementor-section-height-default" data-id="2f6e2d14" data-element_type="section" data-e-type="section">
						<div class="elementor-container elementor-column-gap-default">
					<div class="elementor-column elementor-col-100 elementor-top-column elementor-element elementor-element-56b1b181" data-id="56b1b181" data-element_type="column" data-e-type="column">
			<div class="elementor-widget-wrap elementor-element-populated">
						<div class="elementor-element elementor-element-93046d2 elementor-widget elementor-widget-heading" data-id="93046d2" data-element_type="widget" data-e-type="widget" data-widget_type="heading.default">
				<div class="elementor-widget-container">
					<h2 class="elementor-heading-title elementor-size-medium">Inhalt</h2>				</div>
				</div>
				<div class="elementor-element elementor-element-0f369d4 elementor-widget elementor-widget-text-editor" data-id="0f369d4" data-element_type="widget" data-e-type="widget" data-widget_type="text-editor.default">
				<div class="elementor-widget-container">
									<p>Es ist heiliger Abend. Überall werden die letzten Geschenke verpackt, der Baum schön aufgeputzt und man bemüht sich, eine möglichst heimelige und festliche Atmosphäre zu schaffen. Von all dem sieht und spürt man nichts auf dem Silberhof. Für Andreas, den hartherzigen verbitterten Bauern, ist es ein Tag wie jeder andere. Für die Dienstboten ist es schwer zu verstehen, dass auf dem Hof dieses Fest nicht gefeiert wird. Als der Bürgermeister den Silberbauern bittet, über die Feiertage ein Waisenkind aufzunehmen, wird er schroff zurückgewiesen. Auch dem Krämer und dem Schneider ergeht es nicht anders, als sie den Bauern um eine kleine Gefälligkeit bitten. Am härtesten trifft es den Knecht und die Jungmagd, die wegen einer Kleinigkeit sofort die Kündigung erhalten. Während des Mittagsschlafes hat der Silberbauer einen sonderbaren Traum.</p>								</div>
				</div>
				<div class="elementor-element elementor-element-ff1a933 elementor-widget elementor-widget-heading" data-id="ff1a933" data-element_type="widget" data-e-type="widget" data-widget_type="heading.default">
				<div class="elementor-widget-container">
					<h2 class="elementor-heading-title elementor-size-medium">Mitwirkende</h2>				</div>
				</div>
				<section class="elementor-section elementor-inner-section elementor-element elementor-element-24fad75 elementor-section-boxed elementor-section-height-default elementor-section-height-default" data-id="24fad75" data-element_type="section" data-e-type="section">
						<div class="elementor-container elementor-column-gap-default">
					<div class="elementor-column elementor-col-50 elementor-inner-column elementor-element elementor-element-ee6c578" data-id="ee6c578" data-element_type="column" data-e-type="column">
			<div class="elementor-widget-wrap elementor-element-populated">
						<div class="elementor-element elementor-element-f4af89a elementor-widget elementor-widget-text-editor" data-id="f4af89a" data-element_type="widget" data-e-type="widget" data-widget_type="text-editor.default">
				<div class="elementor-widget-container">
									<p>Andreas Lehner, Silberbauer<br />Bürgermeister<br />Schneider<br />Krämer<br />Briefträger<br />Franzl<br />Kathrin, Wirtschafterin<br />Zenzi, Magd<br />Evi, Jungmagd<br />Martin, Knecht<br />Waldbacher<br /><br /><br /><br /></p><p>Regie<br />Beleuchtung und Ton<br />Bühnentechnik<br />Masken<br />Souffleuse</p>								</div>
				</div>
					</div>
		</div>
				<div class="elementor-column elementor-col-50 elementor-inner-column elementor-element elementor-element-50ddf25" data-id="50ddf25" data-element_type="column" data-e-type="column">
			<div class="elementor-widget-wrap elementor-element-populated">
						<div class="elementor-element elementor-element-40e3fb0 elementor-widget elementor-widget-text-editor" data-id="40e3fb0" data-element_type="widget" data-e-type="widget" data-widget_type="text-editor.default">
				<div class="elementor-widget-container">
									<p>Georg Aichner<br>Robert Egger<br>Wolfgang Scheiber<br>Franz Perktold<br>Sepp Wechselberger<br>Reinhard Egger<br>Christl Kometer<br>Margreth Schwaninger<br>Margot Krenn<br>Thomas Perktold<br>Maria Heinrich<br>Peter Marth<br>Manfred Wechselberger<br>Gottfried Mair<br></p><p>Robert Egger<br>Franz Erler<br>Herbert Perktold<br>Viktoria Scheiber<br>Andrea Egger</p>								</div>
				</div>
					</div>
		</div>
					</div>
		</section>
				<div class="elementor-element elementor-element-b845138 elementor-widget elementor-widget-heading" data-id="b845138" data-element_type="widget" data-e-type="widget" data-widget_type="heading.default">
				<div class="elementor-widget-container">
					<h2 class="elementor-heading-title elementor-size-medium">Einblicke</h2>				</div>
				</div>
				<div class="elementor-element elementor-element-76ecbf65 elementor-arrows-position-inside elementor-pagination-position-outside elementor-widget elementor-widget-image-carousel" data-id="76ecbf65" data-element_type="widget" data-e-type="widget" data-settings="{&quot;navigation&quot;:&quot;both&quot;,&quot;autoplay&quot;:&quot;yes&quot;,&quot;pause_on_hover&quot;:&quot;yes&quot;,&quot;pause_on_interaction&quot;:&quot;yes&quot;,&quot;autoplay_speed&quot;:5000,&quot;infinite&quot;:&quot;yes&quot;,&quot;speed&quot;:500}" data-widget_type="image-carousel.default">
				<div class="elementor-widget-container">
							<div class="elementor-image-carousel-wrapper swiper" role="region" aria-roledescription="carousel" aria-label="Image Carousel" dir="ltr">
			<div class="elementor-image-carousel swiper-wrapper" aria-live="off">
								<div class="swiper-slide" role="group" aria-roledescription="slide" aria-label="1 of 4"><a data-elementor-open-lightbox="yes" data-elementor-lightbox-slideshow="76ecbf65" data-elementor-lightbox-title="weihnachtstraum" data-e-action-hash="#elementor-action%3Aaction%3Dlightbox%26settings%3DeyJpZCI6MTYyMSwidXJsIjoiaHR0cHM6XC9cL2tvbHBpbmdidWVobmUtd2F0dGVucy5hdFwvd3AtY29udGVudFwvdXBsb2Fkc1wvMjAyMlwvMTFcL3dlaWhuYWNodHN0cmF1bS5qcGciLCJzbGlkZXNob3ciOiI3NmVjYmY2NSJ9" href="https://kolpingbuehne-wattens.at/wp-content/uploads/2022/11/weihnachtstraum.jpg"><figure class="swiper-slide-inner"><img decoding="async" class="swiper-slide-image" src="https://kolpingbuehne-wattens.at/wp-content/uploads/elementor/thumbs/weihnachtstraum-pxqx0slfkchuodj0inezymy493x7zlz8ak3kykk1m4.jpg" alt="weihnachtstraum" /></figure></a></div><div class="swiper-slide" role="group" aria-roledescription="slide" aria-label="2 of 4"><a data-elementor-open-lightbox="yes" data-elementor-lightbox-slideshow="76ecbf65" data-elementor-lightbox-title="weihnachtstraum1" data-e-action-hash="#elementor-action%3Aaction%3Dlightbox%26settings%3DeyJpZCI6MTYyMiwidXJsIjoiaHR0cHM6XC9cL2tvbHBpbmdidWVobmUtd2F0dGVucy5hdFwvd3AtY29udGVudFwvdXBsb2Fkc1wvMjAyMlwvMTFcL3dlaWhuYWNodHN0cmF1bTEuanBnIiwic2xpZGVzaG93IjoiNzZlY2JmNjUifQ%3D%3D" href="https://kolpingbuehne-wattens.at/wp-content/uploads/2022/11/weihnachtstraum1.jpg"><figure class="swiper-slide-inner"><img decoding="async" class="swiper-slide-image" src="https://kolpingbuehne-wattens.at/wp-content/uploads/elementor/thumbs/weihnachtstraum1-pxqx104530s59983aqo0il1t06w5p6t2zlbgss8w8c.jpg" alt="weihnachtstraum1" /></figure></a></div><div class="swiper-slide" role="group" aria-roledescription="slide" aria-label="3 of 4"><a data-elementor-open-lightbox="yes" data-elementor-lightbox-slideshow="76ecbf65" data-elementor-lightbox-title="weihnachtstraum2" data-e-action-hash="#elementor-action%3Aaction%3Dlightbox%26settings%3DeyJpZCI6MTYyMywidXJsIjoiaHR0cHM6XC9cL2tvbHBpbmdidWVobmUtd2F0dGVucy5hdFwvd3AtY29udGVudFwvdXBsb2Fkc1wvMjAyMlwvMTFcL3dlaWhuYWNodHN0cmF1bTIuanBnIiwic2xpZGVzaG93IjoiNzZlY2JmNjUifQ%3D%3D" href="https://kolpingbuehne-wattens.at/wp-content/uploads/2022/11/weihnachtstraum2.jpg"><figure class="swiper-slide-inner"><img decoding="async" class="swiper-slide-image" src="https://kolpingbuehne-wattens.at/wp-content/uploads/elementor/thumbs/weihnachtstraum2-pxqx17mulp2fu4x62tx12j5hr9v3ermxomjcmzxquk.jpg" alt="weihnachtstraum2" /></figure></a></div><div class="swiper-slide" role="group" aria-roledescription="slide" aria-label="4 of 4"><a data-elementor-open-lightbox="yes" data-elementor-lightbox-slideshow="76ecbf65" data-elementor-lightbox-title="weihnachtstraum3" data-e-action-hash="#elementor-action%3Aaction%3Dlightbox%26settings%3DeyJpZCI6MTYyNCwidXJsIjoiaHR0cHM6XC9cL2tvbHBpbmdidWVobmUtd2F0dGVucy5hdFwvd3AtY29udGVudFwvdXBsb2Fkc1wvMjAyMlwvMTFcL3dlaWhuYWNodHN0cmF1bTMuanBnIiwic2xpZGVzaG93IjoiNzZlY2JmNjUifQ%3D%3D" href="https://kolpingbuehne-wattens.at/wp-content/uploads/2022/11/weihnachtstraum3.jpg"><figure class="swiper-slide-inner"><img decoding="async" class="swiper-slide-image" src="https://kolpingbuehne-wattens.at/wp-content/uploads/elementor/thumbs/weihnachtstraum3-pxqx1e7pxjbg3enm0erf1zhpwyynwnd21j3qzxnzn0.jpg" alt="weihnachtstraum3" /></figure></a></div>			</div>
												<div class="elementor-swiper-button elementor-swiper-button-prev" role="button" tabindex="0">
						<i aria-hidden="true" class="eicon-chevron-left"></i>					</div>
					<div class="elementor-swiper-button elementor-swiper-button-next" role="button" tabindex="0">
						<i aria-hidden="true" class="eicon-chevron-right"></i>					</div>
				
									<div class="swiper-pagination"></div>
									</div>
						</div>
				</div>
					</div>
		</div>
					</div>
		</section>
				</div>

<p>Inhalt Es ist heiliger Abend. Überall werden die letzten Geschenke verpackt, der Baum schön aufgeputzt und man bemüht sich, eine möglichst heimelige und festliche Atmosphäre zu schaffen. Von all dem sieht und spürt man nichts auf dem Silberhof. Für Andreas, den hartherzigen verbitterten Bauern, ist es ein Tag wie jeder andere. Für die Dienstboten ist&hellip;&nbsp;<a href="https://kolpingbuehne-wattens.at/en/ein-weihnachtstraum/" class="" rel="bookmark">Read More &raquo;<span class="screen-reader-text">Ein Weihnachtstraum</span></a></p>
