{"id":1527,"date":"2022-11-15T11:45:05","date_gmt":"2022-11-15T10:45:05","guid":{"rendered":"https:\/\/kolpingbuehne-wattens.at\/?page_id=1527"},"modified":"2023-10-08T11:29:19","modified_gmt":"2023-10-08T09:29:19","slug":"maxl-oder-da-liegt-der-hund-begraben","status":"publish","type":"page","link":"https:\/\/kolpingbuehne-wattens.at\/en\/maxl-oder-da-liegt-der-hund-begraben\/","title":{"rendered":"Maxl oder da liegt der Hund begraben"},"content":{"rendered":"<div data-elementor-type=\"wp-page\" data-elementor-id=\"1527\" class=\"elementor elementor-1527\">\n\t\t\t\t\t\t<section class=\"elementor-section elementor-top-section elementor-element elementor-element-e81b624 elementor-section-boxed elementor-section-height-default elementor-section-height-default\" data-id=\"e81b624\" data-element_type=\"section\" data-e-type=\"section\">\n\t\t\t\t\t\t<div class=\"elementor-container elementor-column-gap-default\">\n\t\t\t\t\t<div class=\"elementor-column elementor-col-100 elementor-top-column elementor-element elementor-element-2b7e3ec\" data-id=\"2b7e3ec\" data-element_type=\"column\" data-e-type=\"column\">\n\t\t\t<div class=\"elementor-widget-wrap elementor-element-populated\">\n\t\t\t\t\t\t<div class=\"elementor-element elementor-element-6a9b0c6 elementor-widget elementor-widget-heading\" data-id=\"6a9b0c6\" data-element_type=\"widget\" data-e-type=\"widget\" data-widget_type=\"heading.default\">\n\t\t\t\t<div class=\"elementor-widget-container\">\n\t\t\t\t\t<h2 class=\"elementor-heading-title elementor-size-medium\">Inhalt<\/h2>\t\t\t\t<\/div>\n\t\t\t\t<\/div>\n\t\t\t\t<div class=\"elementor-element elementor-element-decb343 elementor-widget elementor-widget-text-editor\" data-id=\"decb343\" data-element_type=\"widget\" data-e-type=\"widget\" data-widget_type=\"text-editor.default\">\n\t\t\t\t<div class=\"elementor-widget-container\">\n\t\t\t\t\t\t\t\t\t<p class=\"MsoNormal\">Der Silberbauer, B\u00fcrgermeister von Unterkirchen, wird immer mehr mit Beschwerden von B\u00fcrgern seines Dorfes konfrontiert. Diese beziehen sich auf Maxl, der im Dorf f\u00fcr einige Unruhe sorgt. Als sich auch sein Nachbar Nussbaumer und die Pfarrersk\u00f6chin beschweren, entschlie\u00dft er sich, eine Eingabe an das Gericht zu verfassen.<br \/>Das zweite Problem, das den B\u00fcrgermeister besch\u00e4ftigt, ist die Hochzeit seiner Tochter Kathi. Er w\u00fcnscht sich den reichen, allerdings etwas einf\u00e4ltigen, Stadelbauer zum Schwiegersohn. Kathi stellt ihn jedoch vor die Tatsache, entweder den Kofler Lois zu heiraten oder ins Kloster zu gehen. Der J\u00e4ger Lois, der mit dem Maxl unter einer Decke steckt, sieht bei der ganzen Sache nat\u00fcrlich nicht nur zu, sondern gibt dem Stadelbauern wertvolle Tipps.<br \/>F\u00fcr den Maxl wird es mit der Zeit zur Gewohnheit, sich die besten St\u00fccke aus der K\u00fcche des B\u00fcrgermeisters zu stehlen. Die K\u00f6chin Vevi wird verantwortlich gemacht und muss den Schaden ersetzen. Als am Tag der Verlobung Kathis mit dem Stadelbauer der teure Festtagsbraten aus der K\u00fcche verschwindet, schmiedet Vevi einen grausamen Plan und bittet ihren Br\u00e4utigam Nussbaumer um Mithilfe.<\/p>\t\t\t\t\t\t\t\t<\/div>\n\t\t\t\t<\/div>\n\t\t\t\t<div class=\"elementor-element elementor-element-faabaee elementor-widget elementor-widget-heading\" data-id=\"faabaee\" data-element_type=\"widget\" data-e-type=\"widget\" data-widget_type=\"heading.default\">\n\t\t\t\t<div class=\"elementor-widget-container\">\n\t\t\t\t\t<h2 class=\"elementor-heading-title elementor-size-medium\">Mitwirkende<\/h2>\t\t\t\t<\/div>\n\t\t\t\t<\/div>\n\t\t\t\t<section class=\"elementor-section elementor-inner-section elementor-element elementor-element-0f08ca5 elementor-section-boxed elementor-section-height-default elementor-section-height-default\" data-id=\"0f08ca5\" data-element_type=\"section\" data-e-type=\"section\">\n\t\t\t\t\t\t<div class=\"elementor-container elementor-column-gap-default\">\n\t\t\t\t\t<div class=\"elementor-column elementor-col-50 elementor-inner-column elementor-element elementor-element-af9d07e\" data-id=\"af9d07e\" data-element_type=\"column\" data-e-type=\"column\">\n\t\t\t<div class=\"elementor-widget-wrap elementor-element-populated\">\n\t\t\t\t\t\t<div class=\"elementor-element elementor-element-f07cd1e elementor-widget elementor-widget-text-editor\" data-id=\"f07cd1e\" data-element_type=\"widget\" data-e-type=\"widget\" data-widget_type=\"text-editor.default\">\n\t\t\t\t<div class=\"elementor-widget-container\">\n\t\t\t\t\t\t\t\t\t<p>Silberbauer, B\u00fcrgermeister<br \/>Kathi, seine Tochter<br \/>Ignaz Stadelbauer<br \/>Nussbaumer<br \/>Pfarrersk\u00f6chin<br \/>Loisl Kofler, J\u00e4ger<br \/>Gendarmerie-Inspektor<br \/>Bernhuber, Gendarm<br \/>Vevi, K\u00f6chin beim Silberbauern<br \/>Sepp, H\u00fcterbub<\/p><p>Regie<br \/>Souffleuse<br \/>Maske<br \/><br \/>Ton und Beleuchtung<br \/>B\u00fchnenbild<\/p>\t\t\t\t\t\t\t\t<\/div>\n\t\t\t\t<\/div>\n\t\t\t\t\t<\/div>\n\t\t<\/div>\n\t\t\t\t<div class=\"elementor-column elementor-col-50 elementor-inner-column elementor-element elementor-element-9283ddc\" data-id=\"9283ddc\" data-element_type=\"column\" data-e-type=\"column\">\n\t\t\t<div class=\"elementor-widget-wrap elementor-element-populated\">\n\t\t\t\t\t\t<div class=\"elementor-element elementor-element-4e04015 elementor-widget elementor-widget-text-editor\" data-id=\"4e04015\" data-element_type=\"widget\" data-e-type=\"widget\" data-widget_type=\"text-editor.default\">\n\t\t\t\t<div class=\"elementor-widget-container\">\n\t\t\t\t\t\t\t\t\t<p>Sepp Wechselberger<br \/>Margot Krenn<br \/>Franz Perktold<br \/>Robert Egger<br \/>Christl Kometer<br \/>Georg Aichner<br \/>Peppi Krenn<br \/>Peppi Krenn<br \/>Margreth Schwaninger<br \/>Thomas Perktold<\/p><p>Robert Egger<br \/>Andrea Egger<br \/>Viktoria Scheiber<br \/>Gabi Schrenck<br \/>Franz Erler<br \/>Herbert Perktold<br \/><br \/><br \/><\/p>\t\t\t\t\t\t\t\t<\/div>\n\t\t\t\t<\/div>\n\t\t\t\t\t<\/div>\n\t\t<\/div>\n\t\t\t\t\t<\/div>\n\t\t<\/section>\n\t\t\t\t<div class=\"elementor-element elementor-element-7b06a92 elementor-widget elementor-widget-heading\" data-id=\"7b06a92\" data-element_type=\"widget\" data-e-type=\"widget\" data-widget_type=\"heading.default\">\n\t\t\t\t<div class=\"elementor-widget-container\">\n\t\t\t\t\t<h2 class=\"elementor-heading-title elementor-size-medium\">Einblicke<\/h2>\t\t\t\t<\/div>\n\t\t\t\t<\/div>\n\t\t\t\t<div class=\"elementor-element elementor-element-8e79618 elementor-widget elementor-widget-image\" data-id=\"8e79618\" data-element_type=\"widget\" data-e-type=\"widget\" data-widget_type=\"image.default\">\n\t\t\t\t<div class=\"elementor-widget-container\">\n\t\t\t\t\t\t\t\t\t\t\t\t\t\t\t<img fetchpriority=\"high\" decoding=\"async\" width=\"819\" height=\"623\" src=\"https:\/\/kolpingbuehne-wattens.at\/wp-content\/uploads\/2022\/11\/maxl-oder-da-liegt.jpg\" class=\"attachment-1536x1536 size-1536x1536 wp-image-1530\" alt=\"\" srcset=\"https:\/\/kolpingbuehne-wattens.at\/wp-content\/uploads\/2022\/11\/maxl-oder-da-liegt.jpg 819w, https:\/\/kolpingbuehne-wattens.at\/wp-content\/uploads\/2022\/11\/maxl-oder-da-liegt-300x228.jpg 300w, https:\/\/kolpingbuehne-wattens.at\/wp-content\/uploads\/2022\/11\/maxl-oder-da-liegt-768x584.jpg 768w, https:\/\/kolpingbuehne-wattens.at\/wp-content\/uploads\/2022\/11\/maxl-oder-da-liegt-16x12.jpg 16w, https:\/\/kolpingbuehne-wattens.at\/wp-content\/uploads\/2022\/11\/maxl-oder-da-liegt-600x456.jpg 600w\" sizes=\"(max-width: 819px) 100vw, 819px\" \/>\t\t\t\t\t\t\t\t\t\t\t\t\t\t\t<\/div>\n\t\t\t\t<\/div>\n\t\t\t\t\t<\/div>\n\t\t<\/div>\n\t\t\t\t\t<\/div>\n\t\t<\/section>\n\t\t\t\t<\/div>","protected":false},"excerpt":{"rendered":"<p>Inhalt Der Silberbauer, B\u00fcrgermeister von Unterkirchen, wird immer mehr mit Beschwerden von B\u00fcrgern seines Dorfes konfrontiert. Diese beziehen sich auf Maxl, der im Dorf f\u00fcr einige Unruhe sorgt. Als sich auch sein Nachbar Nussbaumer und die Pfarrersk\u00f6chin beschweren, entschlie\u00dft er sich, eine Eingabe an das Gericht zu verfassen.Das zweite Problem, das den B\u00fcrgermeister besch\u00e4ftigt, ist&hellip;&nbsp;<a href=\"https:\/\/kolpingbuehne-wattens.at\/en\/maxl-oder-da-liegt-der-hund-begraben\/\" class=\"\" rel=\"bookmark\">Read More &raquo;<span class=\"screen-reader-text\">Maxl oder da liegt der Hund begraben<\/span><\/a><\/p>","protected":false},"author":2,"featured_media":0,"parent":0,"menu_order":0,"comment_status":"closed","ping_status":"closed","template":"","meta":{"neve_meta_sidebar":"","neve_meta_container":"","neve_meta_enable_content_width":"","neve_meta_content_width":0,"neve_meta_title_alignment":"","neve_meta_author_avatar":"","neve_post_elements_order":"","neve_meta_disable_header":"","neve_meta_disable_footer":"","neve_meta_disable_title":"","footnotes":""},"class_list":["post-1527","page","type-page","status-publish","hentry"],"jetpack_sharing_enabled":true,"_links":{"self":[{"href":"https:\/\/kolpingbuehne-wattens.at\/en\/wp-json\/wp\/v2\/pages\/1527","targetHints":{"allow":["GET"]}}],"collection":[{"href":"https:\/\/kolpingbuehne-wattens.at\/en\/wp-json\/wp\/v2\/pages"}],"about":[{"href":"https:\/\/kolpingbuehne-wattens.at\/en\/wp-json\/wp\/v2\/types\/page"}],"author":[{"embeddable":true,"href":"https:\/\/kolpingbuehne-wattens.at\/en\/wp-json\/wp\/v2\/users\/2"}],"replies":[{"embeddable":true,"href":"https:\/\/kolpingbuehne-wattens.at\/en\/wp-json\/wp\/v2\/comments?post=1527"}],"version-history":[{"count":7,"href":"https:\/\/kolpingbuehne-wattens.at\/en\/wp-json\/wp\/v2\/pages\/1527\/revisions"}],"predecessor-version":[{"id":2970,"href":"https:\/\/kolpingbuehne-wattens.at\/en\/wp-json\/wp\/v2\/pages\/1527\/revisions\/2970"}],"wp:attachment":[{"href":"https:\/\/kolpingbuehne-wattens.at\/en\/wp-json\/wp\/v2\/media?parent=1527"}],"curies":[{"name":"wp","href":"https:\/\/api.w.org\/{rel}","templated":true}]}}

<div data-elementor-type="wp-page" data-elementor-id="1527" class="elementor elementor-1527">
						<section class="elementor-section elementor-top-section elementor-element elementor-element-e81b624 elementor-section-boxed elementor-section-height-default elementor-section-height-default" data-id="e81b624" data-element_type="section" data-e-type="section">
						<div class="elementor-container elementor-column-gap-default">
					<div class="elementor-column elementor-col-100 elementor-top-column elementor-element elementor-element-2b7e3ec" data-id="2b7e3ec" data-element_type="column" data-e-type="column">
			<div class="elementor-widget-wrap elementor-element-populated">
						<div class="elementor-element elementor-element-6a9b0c6 elementor-widget elementor-widget-heading" data-id="6a9b0c6" data-element_type="widget" data-e-type="widget" data-widget_type="heading.default">
				<div class="elementor-widget-container">
					<h2 class="elementor-heading-title elementor-size-medium">Inhalt</h2>				</div>
				</div>
				<div class="elementor-element elementor-element-decb343 elementor-widget elementor-widget-text-editor" data-id="decb343" data-element_type="widget" data-e-type="widget" data-widget_type="text-editor.default">
				<div class="elementor-widget-container">
									<p class="MsoNormal">Der Silberbauer, Bürgermeister von Unterkirchen, wird immer mehr mit Beschwerden von Bürgern seines Dorfes konfrontiert. Diese beziehen sich auf Maxl, der im Dorf für einige Unruhe sorgt. Als sich auch sein Nachbar Nussbaumer und die Pfarrersköchin beschweren, entschließt er sich, eine Eingabe an das Gericht zu verfassen.<br />Das zweite Problem, das den Bürgermeister beschäftigt, ist die Hochzeit seiner Tochter Kathi. Er wünscht sich den reichen, allerdings etwas einfältigen, Stadelbauer zum Schwiegersohn. Kathi stellt ihn jedoch vor die Tatsache, entweder den Kofler Lois zu heiraten oder ins Kloster zu gehen. Der Jäger Lois, der mit dem Maxl unter einer Decke steckt, sieht bei der ganzen Sache natürlich nicht nur zu, sondern gibt dem Stadelbauern wertvolle Tipps.<br />Für den Maxl wird es mit der Zeit zur Gewohnheit, sich die besten Stücke aus der Küche des Bürgermeisters zu stehlen. Die Köchin Vevi wird verantwortlich gemacht und muss den Schaden ersetzen. Als am Tag der Verlobung Kathis mit dem Stadelbauer der teure Festtagsbraten aus der Küche verschwindet, schmiedet Vevi einen grausamen Plan und bittet ihren Bräutigam Nussbaumer um Mithilfe.</p>								</div>
				</div>
				<div class="elementor-element elementor-element-faabaee elementor-widget elementor-widget-heading" data-id="faabaee" data-element_type="widget" data-e-type="widget" data-widget_type="heading.default">
				<div class="elementor-widget-container">
					<h2 class="elementor-heading-title elementor-size-medium">Mitwirkende</h2>				</div>
				</div>
				<section class="elementor-section elementor-inner-section elementor-element elementor-element-0f08ca5 elementor-section-boxed elementor-section-height-default elementor-section-height-default" data-id="0f08ca5" data-element_type="section" data-e-type="section">
						<div class="elementor-container elementor-column-gap-default">
					<div class="elementor-column elementor-col-50 elementor-inner-column elementor-element elementor-element-af9d07e" data-id="af9d07e" data-element_type="column" data-e-type="column">
			<div class="elementor-widget-wrap elementor-element-populated">
						<div class="elementor-element elementor-element-f07cd1e elementor-widget elementor-widget-text-editor" data-id="f07cd1e" data-element_type="widget" data-e-type="widget" data-widget_type="text-editor.default">
				<div class="elementor-widget-container">
									<p>Silberbauer, Bürgermeister<br />Kathi, seine Tochter<br />Ignaz Stadelbauer<br />Nussbaumer<br />Pfarrersköchin<br />Loisl Kofler, Jäger<br />Gendarmerie-Inspektor<br />Bernhuber, Gendarm<br />Vevi, Köchin beim Silberbauern<br />Sepp, Hüterbub</p><p>Regie<br />Souffleuse<br />Maske<br /><br />Ton und Beleuchtung<br />Bühnenbild</p>								</div>
				</div>
					</div>
		</div>
				<div class="elementor-column elementor-col-50 elementor-inner-column elementor-element elementor-element-9283ddc" data-id="9283ddc" data-element_type="column" data-e-type="column">
			<div class="elementor-widget-wrap elementor-element-populated">
						<div class="elementor-element elementor-element-4e04015 elementor-widget elementor-widget-text-editor" data-id="4e04015" data-element_type="widget" data-e-type="widget" data-widget_type="text-editor.default">
				<div class="elementor-widget-container">
									<p>Sepp Wechselberger<br />Margot Krenn<br />Franz Perktold<br />Robert Egger<br />Christl Kometer<br />Georg Aichner<br />Peppi Krenn<br />Peppi Krenn<br />Margreth Schwaninger<br />Thomas Perktold</p><p>Robert Egger<br />Andrea Egger<br />Viktoria Scheiber<br />Gabi Schrenck<br />Franz Erler<br />Herbert Perktold<br /><br /><br /></p>								</div>
				</div>
					</div>
		</div>
					</div>
		</section>
				<div class="elementor-element elementor-element-7b06a92 elementor-widget elementor-widget-heading" data-id="7b06a92" data-element_type="widget" data-e-type="widget" data-widget_type="heading.default">
				<div class="elementor-widget-container">
					<h2 class="elementor-heading-title elementor-size-medium">Einblicke</h2>				</div>
				</div>
				<div class="elementor-element elementor-element-8e79618 elementor-widget elementor-widget-image" data-id="8e79618" data-element_type="widget" data-e-type="widget" data-widget_type="image.default">
				<div class="elementor-widget-container">
															<img fetchpriority="high" decoding="async" width="819" height="623" src="https://kolpingbuehne-wattens.at/wp-content/uploads/2022/11/maxl-oder-da-liegt.jpg" class="attachment-1536x1536 size-1536x1536 wp-image-1530" alt="" srcset="https://kolpingbuehne-wattens.at/wp-content/uploads/2022/11/maxl-oder-da-liegt.jpg 819w, https://kolpingbuehne-wattens.at/wp-content/uploads/2022/11/maxl-oder-da-liegt-300x228.jpg 300w, https://kolpingbuehne-wattens.at/wp-content/uploads/2022/11/maxl-oder-da-liegt-768x584.jpg 768w, https://kolpingbuehne-wattens.at/wp-content/uploads/2022/11/maxl-oder-da-liegt-16x12.jpg 16w, https://kolpingbuehne-wattens.at/wp-content/uploads/2022/11/maxl-oder-da-liegt-600x456.jpg 600w" sizes="(max-width: 819px) 100vw, 819px" />															</div>
				</div>
					</div>
		</div>
					</div>
		</section>
				</div>

<p>Inhalt Der Silberbauer, Bürgermeister von Unterkirchen, wird immer mehr mit Beschwerden von Bürgern seines Dorfes konfrontiert. Diese beziehen sich auf Maxl, der im Dorf für einige Unruhe sorgt. Als sich auch sein Nachbar Nussbaumer und die Pfarrersköchin beschweren, entschließt er sich, eine Eingabe an das Gericht zu verfassen.Das zweite Problem, das den Bürgermeister beschäftigt, ist&hellip;&nbsp;<a href="https://kolpingbuehne-wattens.at/en/maxl-oder-da-liegt-der-hund-begraben/" class="" rel="bookmark">Read More &raquo;<span class="screen-reader-text">Maxl oder da liegt der Hund begraben</span></a></p>
